housands digit of 20722?
0
What is the thousands digit of 1252?
1
What is the hundreds digit of 8343?
3
What is the tens digit of 46451?
5
What is the hundreds digit of 983?
9
What is the hundreds digit of 1701?
7
What is the units digit of 55427?
7
What is the hundreds digit of 11065?
0
What is the hundreds digit of 774?
7
What is the ten thousands digit of 16142?
1
What is the thousands digit of 4541?
4
What is the thousands digit of 13298?
3
What is the units digit of 6731?
1
What is the hundreds digit of 42554?
5
What is the thousands digit of 55180?
5
What is the thousands digit of 13998?
3
What is the tens digit of 3718?
1
What is the tens digit of 51068?
6
What is the units digit of 1358?
8
What is the thousands digit of 1273?
1
What is the tens digit of 7529?
2
What is the thousands digit of 22975?
2
What is the hundreds digit of 6319?
3
What is the hundreds digit of 12847?
8
What is the hundreds digit of 2542?
5
What is the hundreds digit of 19196?
1
What is the units digit of 19020?
0
What is the units digit of 1816?
6
What is the thousands digit of 16485?
6
What is the units digit of 45662?
2
What is the thousands digit of 51589?
1
What is the units digit of 2275?
5
What is the thousands digit of 79872?
9
What is the units digit of 77427?
7
What is the tens digit of 71022?
2
What is the units digit of 12310?
0
What is the tens digit of 5281?
8
What is the hundreds digit of 364?
3
What is the units digit of 8372?
2
What is the units digit of 18422?
2
What is the hundreds digit of 54565?
5
What is the units digit of 1640?
0
What is the tens digit of 109?
0
What is the hundreds digit of 1228?
2
What is the units digit of 2327?
7
What is the hundreds digit of 14487?
4
What is the thousands digit of 9122?
9
What is the ten thousands digit of 45848?
4
What is the tens digit of 77?
7
What is the units digit of 7802?
2
What is the tens digit of 780?
8
What is the hundreds digit of 4303?
3
What is the hundreds digit of 968?
9
What is the tens digit of 4751?
5
What is the hundreds digit of 670?
6
What is the hundreds digit of 287?
2
What is the units digit of 26688?
8
What is the units digit of 475?
5
What is the tens digit of 48?
4
What is the units digit of 63001?
1
What is the hundreds digit of 3489?
4
What is the units digit of 2473?
3
What is the hundreds digit of 1327?
3
What is the ten thousands digit of 54416?
5
What is the units digit of 91230?
0
What is the tens digit of 1401?
0
What is the units digit of 28129?
9
What is the units digit of 2132?
2
What is the ten thousands digit of 10090?
1
What is the tens digit of 5107?
0
What is the tens digit of 1245?
4
What is the tens digit of 1790?
9
What is the hundreds digit of 5247?
2
What is the hundreds digit of 2622?
6
What is the tens digit of 507?
0
What is the thousands digit of 3427?
3
What is the units digit of 963?
3
What is the hundreds digit of 2796?
7
What is the tens digit of 986?
8
What is the tens digit of 1546?
4
What is the hundreds digit of 860?
8
What is the thousands digit of 7139?
7
What is the units digit of 3852?
2
What is the hundreds digit of 12858?
8
What is the hundreds digit of 1487?
4
What is the thousands digit of 25171?
5
What is the tens digit of 41102?
0
What is the thousands digit of 24645?
4
What is the tens digit of 4066?
6
What is the tens digit of 82112?
1
What is the units digit of 55883?
3
What is the tens digit of 230?
3
What is the thousands digit of 36172?
6
What is the units digit of 3031?
1
What is the units digit of 1770?
0
What is the hundreds digit of 897?
8
What is the units digit of 1483?
3
What is the tens digit of 3299?
9
What is the hundreds digit of 471?
4
What is the hundreds digit of 3518?
5
What is the units digit of 5?
5
What is the units digit of 10241?
1
What is the units digit of 104?
4
What is the tens digit of 2333?
3
What is the thousands digit of 3469?
3
What is the units digit of 19515?
5
What is the tens digit of 2882?
8
What is the hundreds digit of 19444?
4
What is the units digit of 114?
4
What is the hundreds digit of 5839?
8
What is the units digit of 33223?
3
What is the tens digit of 57595?
9
What is the ten thousands digit of 21295?
2
What is the hundreds digit of 749?
7
What is the units digit of 484?
4
What is the tens digit of 88?
8
What is the units digit of 6543?
3
What is the tens digit of 18426?
2
What is the tens digit of 1309?
0
What is the units digit of 1442?
2
What is the thousands digit of 2514?
2
What is the tens digit of 222?
2
What is the hundreds digit of 225?
2
What is the hundreds digit of 232?
2
What is the tens digit of 142969?
6
What is the ten thousands digit of 12389?
1
What is the tens digit of 763?
6
What is the thousands digit of 1113?
1
What is the tens digit of 40064?
6
What is the hundreds digit of 27653?
6
What is the tens digit of 46194?
9
What is the units digit of 7698?
8
What is the ten thousands digit of 10335?
1
What is the hundreds digit of 7091?
0
What is the units digit of 1?
1
What is the tens digit of 48366?
6
What is the hundreds digit of 443?
4
What is the ten thousands digit of 30597?
3
What is the thousands digit of 15288?
5
What is the units digit of 21678?
8
What is the tens digit of 5049?
4
What is the units digit of 824?
4
What is the ten thousands digit of 61315?
6
What is the units digit of 1983?
3
What is the units digit of 35037?
7
What is the ten thousands digit of 103254?
0
What is the hundreds digit of 906?
9
What is the hundreds digit of 489?
4
What is the tens digit of 57171?
7
What is the units digit of 8189?
9
What is the units digit of 297?
7
What is the units digit of 751?
1
What is the tens digit of 31949?
4
What is the thousands digit of 4618?
4
What is the tens digit of 2455?
5
What is the hundreds digit of 2068?
0
What is the thousands digit of 23030?
3
What is the units digit of 37445?
5
What is the tens digit of 296?
9
What is the thousands digit of 4082?
4
What is the thousands digit of 6880?
6
What is the tens digit of 10174?
7
What is the hundreds digit of 1219?
2
What is the hundreds digit of 3722?
7
What is the hundreds digit of 2575?
5
What is the hundreds digit of 7024?
0
What is the units digit of 587?
7
What is the hundreds digit of 665?
6
What is the units digit of 6955?
5
What is the hundreds digit of 193581?
5
What is the thousands digit of 5241?
5
What is the units digit of 20406?
6
What is the tens digit of 3921?
2
What is the units digit of 35698?
8
What is the tens digit of 34099?
9
What is the hundreds digit of 949?
9
What is the tens digit of 3819?
1
What is the hundreds digit of 42512?
5
What is the thousands digit of 1558?
1
What is the thousands digit of 119074?
9
What is the hundreds digit of 383?
3
What is the units digit of 2869?
9
What is the thousands digit of 9871?
9
What is the tens digit of 437?
3
What is the hundreds digit of 3902?
9
What is the tens digit of 30918?
1
What is the units digit of 347?
7
What is the tens digit of 17823?
2
What is the units digit of 12327?
7
What is the ten thousands digit of 66437?
6
What is the units digit of 20372?
2
What is the hundreds digit of 372?
3
What is the tens digit of 22390?
9
What is the thousands digit of 70748?
0
What is the hundred thousands digit of 150383?
1
What is the hundreds digit of 1811?
8
What is the hundreds digit of 946?
9
What is the hundreds digit of 3133?
1
What is the hundreds digit of 10219?
2
What is the hundreds digit of 1014?
0
What is the tens digit of 92530?
3
What is the tens digit of 135?
3
What is the thousands digit of 6491?
6
What is the hundreds digit of 483?
4
What is the tens digit of 71045?
4
What is the hundreds digit of 126251?
2
What is the thousands digit of 134439?
4
What is the hundreds digit of 1157?
1
What is the ten thousands digit of 65403?
6
What is the hundreds digit of 229?
2
What is the hundreds digit of 4307?
3
What is the tens digit of 7468?
6
What is the tens digit of 815?
1
What is the tens digit of 655?
5
What is the hundreds digit of 612?
6
What is the ten thousands digit of 26021?
2
What is the thousands digit of 15792?
5
What is the hundreds digit of 4026?
0
What is the thousands digit of 4613?
4
What is the thousands digit of 14421?
4
What is the tens digit of 1402?
0
What is the thousands digit of 13659?
3
What i